vided by 743.
219
What is the remainder when 227499 is divided by 26?
25
What is the remainder when 28441 is divided by 9425?
166
Calculate the remainder when 178190 is divided by 148.
146
What is the remainder when 10692 is divided by 93?
90
What is the remainder when 15001 is divided by 8?
1
What is the remainder when 11763 is divided by 111?
108
Calculate the remainder when 1018479 is divided by 202.
197
Calculate the remainder when 2418 is divided by 78.
0
What is the remainder when 51395 is divided by 33?
14
Calculate the remainder when 20092 is divided by 134.
126
Calculate the remainder when 46783 is divided by 64.
63
What is the remainder when 148607 is divided by 129?
128
What is the remainder when 1784 is divided by 25?
9
Calculate the remainder when 1031 is divided by 7.
2
What is the remainder when 72954 is divided by 8095?
99
What is the remainder when 46299 is divided by 41?
10
Calculate the remainder when 32704 is divided by 146.
0
What is the remainder when 2751 is divided by 184?
175
What is the remainder when 5473 is divided by 486?
127
Calculate the remainder when 69493 is divided by 117.
112
What is the remainder when 6476 is divided by 18?
14
Calculate the remainder when 29161 is divided by 6.
1
Calculate the remainder when 1525618 is divided by 235.
233
What is the remainder when 42253 is divided by 113?
104
What is the remainder when 11294 is divided by 5599?
96
Calculate the remainder when 7557 is divided by 106.
31
What is the remainder when 285763 is divided by 2?
1
Calculate the remainder when 101961 is divided by 53.
42
Calculate the remainder when 9914 is divided by 583.
3
What is the remainder when 1035 is divided by 145?
20
Calculate the remainder when 5025 is divided by 695.
160
What is the remainder when 16923 is divided by 232?
219
Calculate the remainder when 70524 is divided by 116.
112
Calculate the remainder when 25970 is divided by 1366.
16
What is the remainder when 3223 is divided by 520?
103
Calculate the remainder when 16653 is divided by 11.
10
Calculate the remainder when 424533 is divided by 17.
9
What is the remainder when 55379 is divided by 27677?
25
Calculate the remainder when 12210 is divided by 109.
2
What is the remainder when 4321 is divided by 259?
177
What is the remainder when 198461 is divided by 89?
80
Calculate the remainder when 15929 is divided by 1248.
953
What is the remainder when 105115 is divided by 6?
1
Calculate the remainder when 2701 is divided by 1106.
489
What is the remainder when 23863 is divided by 1694?
147
What is the remainder when 620 is divided by 358?
262
What is the remainder when 11396 is divided by 90?
56
What is the remainder when 5711 is divided by 41?
12
Calculate the remainder when 4082 is divided by 41.
23
Calculate the remainder when 3139 is divided by 797.
748
What is the remainder when 110943 is divided by 414?
405
What is the remainder when 43782 is divided by 104?
102
What is the remainder when 8011317 is divided by 574?
573
What is the remainder when 64389 is divided by 290?
9
Calculate the remainder when 14516 is divided by 25.
16
Calculate the remainder when 3160 is divided by 64.
24
What is the remainder when 66111 is divided by 122?
109
What is the remainder when 1885 is divided by 97?
42
What is the remainder when 3046 is divided by 436?
430
What is the remainder when 12220729 is divided by 302?
299
Calculate the remainder when 285 is divided by 196.
89
Calculate the remainder when 247335 is divided by 8244.
15
Calculate the remainder when 2715 is divided by 529.
70
Calculate the remainder when 19536 is divided by 1901.
526
What is the remainder when 2830 is divided by 2793?
37
What is the remainder when 10779 is divided by 361?
310
Calculate the remainder when 141919 is divided by 32.
31
What is the remainder when 467129 is divided by 93?
83
Calculate the remainder when 7734 is divided by 1540.
34
What is the remainder when 2441 is divided by 85?
61
What is the remainder when 5215 is divided by 87?
82
What is the remainder when 56425 is divided by 2256?
25
What is the remainder when 85663 is divided by 393?
382
What is the remainder when 2924 is divided by 6?
2
Calculate the remainder when 657198 is divided by 73017.
45
Calculate the remainder when 597267 is divided by 30.
27
What is the remainder when 5821 is divided by 35?
11
Calculate the remainder when 10033 is divided by 379.
179
What is the remainder when 1178 is divided by 76?
38
Calculate the remainder when 191336 is divided by 353.
10
Calculate the remainder when 8396 is divided by 240.
236
Calculate the remainder when 98882 is divided by 1123.
58
What is the remainder when 130999 is divided by 115?
14
What is the remainder when 8847 is divided by 37?
4
Calculate the remainder when 30749 is divided by 47.
11
What is the remainder when 59578 is divided by 14858?
146
What is the remainder when 10879 is divided by 20?
19
What is the remainder when 101067 is divided by 2298?
2253
Calculate the remainder when 1143278 is divided by 603.
593
What is the remainder when 218371 is divided by 125?
121
Calculate the remainder when 19214 is divided by 8.
6
What is the remainder when 1092 is divided by 35?
7
Calculate the remainder when 1061751 is divided by 34.
33
What is the remainder when 506098 is divided by 723?
721
What is the remainder when 99541 is divided by 11059?
10
Calculate the remainder when 772873 is divided by 919.
913
Calculate the remainder when 826 is divided by 49.
42
Calculate the remainder when 13163 is divided by 3.
2
Calculate the remainder when 23088 is divided by 175.
163
Calculate the remainder when 14964 is divided by 394.
386
What is the remainder when 206264 is divided by 1016?
16
Calculate the remainder when 8572 is divided by 712.
28
What is the remainder when 54502 is divided by 51?
34
Calculate the remainder when 2192 is divided by 2189.
3
What is the remainder when 19972 is divided by 31?
8
Calculate the remainder when 14687 is divided by 623.
358
What is the remainder when 2090 is divided by 617?
239
What is the remainder when 209432 is divided by 208?
184
What is the remainder when 5122 is divided by 5069?
53
Calculate the remainder when 2120 is divided by 2032.
88
What is the remainder when 2650 is divided by 154?
32
Calculate the remainder when 1699365 is divided by 1256.
1253
Calculate the remainder when 26095 is divided by 378.
13
What is the remainder when 6279 is divided by 223?
35
Calculate the remainder when 27796 is divided by 479.
14
What is the remainder when 7551 is divided by 7548?
3
Calculate the remainder when 1027065 is divided by 34.
27
Calculate the remainder when 15992501 is divided by 15.
11
Calculate the remainder when 58342 is divided by 16.
6
Calculate the remainder when 36805 is divided by 199.
189
What is the remainder when 1934 is divided by 313?
56
What is the remainder when 1199741 is divided by 456?
5
Calculate the remainder when 25057 is divided by 23.
10
What is the remainder when 36099 is divided by 8?
3
What is the remainder when 7574 is divided by 876?
566
What is the remainder when 513 is divided by 117?
45
Calculate the remainder when 47289 is divided by 340.
29
What is the remainder when 16841 is divided by 280?
41
Calculate the remainder when 1439 is divided by 37.
33
Calculate the remainder when 178544 is divided by 34.
10
Calculate the remainder when 6421 is divided by 238.
233
Calculate the remainder when 670 is divided by 668.
2
Calculate the remainder when 22462 is divided by 331.
285
What is the remainder when 9664 is divided by 4755?
154
What is the remainder when 70234 is divided by 58?
54
Calculate the remainder when 963507 is divided by 182.
181
What is the remainder when 18303 is divided by 8?
7
Calculate the remainder when 610729 is divided by 16506.
7
What is the remainder when 51061 is divided by 4254?
13
Calculate the remainder when 1351 is divided by 443.
22
What is the remainder when 22488 is divided by 388?
372
Calculate the remainder when 8603 is divided by 609.
77
Calculate the remainder when 3644 is divided by 1765.
114
Calculate the remainder when 235376 is divided by 1051.
1003
Calculate the remainder when 2865 is divided by 319.
313
What is the remainder when 1175516 is divided by 1896?
1892
Cal